rs of 24735742.
2, 12367871
What are the prime factors of 997580?
2, 5, 31, 1609
List the prime factors of 1288836.
2, 3, 35801
What are the prime factors of 625294?
2, 17, 53, 347
List the prime factors of 341339.
341339
List the prime factors of 3538573.
23, 137, 1123
List the prime factors of 113259.
3, 19, 1987
What are the prime factors of 2743837?
359, 7643
What are the prime factors of 18189003?
3, 7, 29, 29867
What are the prime factors of 5465045?
5, 89, 12281
What are the prime factors of 1395644?
2, 348911
What are the prime factors of 763987?
7, 109141
List the prime factors of 116838.
2, 3, 6491
What are the prime factors of 5336057?
5336057
List the prime factors of 12484353.
3, 7, 113, 5261
List the prime factors of 86265.
3, 5, 71
List the prime factors of 1707472.
2, 13, 8209
List the prime factors of 177112.
2, 13, 131
List the prime factors of 178223.
178223
What are the prime factors of 1590425?
5, 63617
What are the prime factors of 5489949?
3, 37, 49459
List the prime factors of 1337641.
131, 10211
List the prime factors of 179114.
2, 13, 83
What are the prime factors of 596677?
173, 3449
What are the prime factors of 86724?
2, 3, 11, 73
What are the prime factors of 1197004?
2, 17, 29, 607
List the prime factors of 63514.
2, 11, 2887
What are the prime factors of 15700?
2, 5, 157
List the prime factors of 68225.
5, 2729
List the prime factors of 3645016.
2, 455627
List the prime factors of 5739809.
2111, 2719
What are the prime factors of 14533502?
2, 7266751
What are the prime factors of 972209?
7, 19841
List the prime factors of 2990408.
2, 101, 3701
List the prime factors of 19798660.
2, 5, 7, 103, 1373
List the prime factors of 41088477.
3, 13696159
What are the prime factors of 360293?
360293
List the prime factors of 1344955.
5, 17, 15823
List the prime factors of 514593.
3, 6353
List the prime factors of 4161450.
2, 3, 5, 27743
List the prime factors of 16876950.
2, 3, 5, 59, 1907
What are the prime factors of 5093788?
2, 7, 109, 1669
List the prime factors of 229233.
3, 43, 1777
What are the prime factors of 500882?
2, 250441
List the prime factors of 234960.
2, 3, 5, 11, 89
What are the prime factors of 1680374?
2, 840187
List the prime factors of 375320.
2, 5, 11, 853
What are the prime factors of 1549174?
2, 11, 67, 1051
List the prime factors of 1772684.
2, 443171
List the prime factors of 567920.
2, 5, 31, 229
List the prime factors of 5794944.
2, 3, 15091
What are the prime factors of 10015403?
10015403
List the prime factors of 6636389.
29, 228841
What are the prime factors of 279260?
2, 5, 13963
What are the prime factors of 91949?
11, 13, 643
What are the prime factors of 7856436?
2, 3, 7, 93529
List the prime factors of 1769439.
3, 7, 12037
What are the prime factors of 786938?
2, 89, 4421
What are the prime factors of 256263?
3, 7, 12203
What are the prime factors of 20521355?
5, 4104271
What are the prime factors of 4899118?
2, 7, 49991
What are the prime factors of 239328?
2, 3, 277
List the prime factors of 1913641.
1913641
What are the prime factors of 15619160?
2, 5, 390479
What are the prime factors of 484470?
2, 3, 5, 7, 769
List the prime factors of 255508.
2, 11, 5807
What are the prime factors of 755100?
2, 3, 5, 839
What are the prime factors of 5226879?
3, 7, 31, 37
List the prime factors of 372256.
2, 11633
List the prime factors of 254069.
29, 8761
List the prime factors of 77421.
3, 131, 197
List the prime factors of 1159914.
2, 3, 7, 27617
List the prime factors of 14637.
3, 7, 17, 41
List the prime factors of 7233167.
19, 37, 10289
List the prime factors of 7026061.
7, 223, 643
List the prime factors of 249961.
181, 1381
What are the prime factors of 65839?
65839
What are the prime factors of 2980363?
23, 129581
What are the prime factors of 23780073?
3, 47, 191, 883
List the prime factors of 2196782.
2, 7, 156913
What are the prime factors of 10182173?
10182173
What are the prime factors of 5370425?
5, 214817
What are the prime factors of 15050226?
2, 3, 2508371
List the prime factors of 1252591.
41, 137, 223
What are the prime factors of 841104?
2, 3, 11, 59
List the prime factors of 29655590.
2, 5, 47, 63097
What are the prime factors of 7790422?
2, 23, 163, 1039
List the prime factors of 200924.
2, 50231
List the prime factors of 1917219.
3, 29, 22037
What are the prime factors of 849762?
2, 3, 17, 2777
What are the prime factors of 185851?
37, 5023
What are the prime factors of 566441?
566441
What are the prime factors of 840572?
2, 210143
List the prime factors of 1834227.
3, 23, 8861
List the prime factors of 452000.
2, 5, 113
What are the prime factors of 320702?
2, 41, 3911
What are the prime factors of 1151705?
5, 230341
List the prime factors of 8688023.
29, 41, 7307
List the prime factors of 9521384.
2, 71, 16763
What are the prime factors of 3754496?
2, 7333
List the prime factors of 87712.
2, 2741
What are the prime factors of 144257?
181, 797
List the prime factors of 4701466.
2, 7, 11, 30529
What are the prime factors of 23648194?
2, 43, 83, 3313
What are the prime factors of 1594118?
2, 347, 2297
List the prime factors of 42277.
67, 631
List the prime factors of 157005.
3, 5, 1163
What are the prime factors of 710766?
2, 3, 7, 5641
What are the prime factors of 259217?
7, 19, 1949
List the prime factors of 7432892.
2, 103, 18041
What are the prime factors of 1502038?
2, 23, 32653
List the prime factors of 6856365.
3, 5, 457091
List the prime factors of 12706529.
11, 167, 6917
List the prime factors of 16442082.
2, 3, 43, 73, 97
List the prime factors of 9126605.
5, 37, 49333
What are the prime factors of 3262938?
2, 3, 7, 77689
List the prime factors of 575247.
3, 191749
What are the prime factors of 749261?
53, 67, 211
List the prime factors of 24597933.
3, 37, 221603
List the prime factors of 1704600.
2, 3, 5, 947
List the prime factors of 7320494.
2, 857, 4271
What are the prime factors of 9142162?
2, 4571081
What are the prime factors of 9046622?
2, 13, 19, 18313
What are the prime factors of 298603?
41, 7283
List the prime factors of 1264030.
2, 5, 41, 3083
List the prime factors of 2724276.
2, 3, 131, 1733
What are the prime factors of 144697?
7, 2953
What are the prime factors of 185773?
7, 26539
What are the prime factors of 2674480?
2, 5, 101, 331
What are the prime factors of 278146?
2, 11, 47, 269
What are the prime factors of 13524692?
2, 3381173
List the prime factors of 494504.
2, 61813
What are the prime factors of 18367706?
2, 7, 191, 6869
List the prime factors of 16905328.
2, 11, 96053
What are the prime factors of 271144?
2, 33893
List the prime factors of 5039212.
2, 1259803
What are the prime factors of 3227?
7, 461
List the prime factors of 27002031.
3, 7, 1285811
List the prime factors of 3524072.
2, 440509
What are the prime factors of 271750?
2, 5, 1087
What are the prime factors of 5208140?
2, 5, 7, 37201
What are the prime factors of 565982?
2, 282991
What are the prime factors of 1383814?
2, 691907
List the prime factors of 10810038.
2, 3, 1801673
List the prime factors of 440507.
440507
What are the prime factors of 8980?
2, 5, 449
List the prime factors of 9562183.
197, 48539
What are the prime factors of 38952?
2, 3, 541
What are the prime factors of 3281382?
2, 3, 13, 37, 379
List the prime factors of 904944.
2, 3, 17, 1109
What are the prime factors of 122434?
2, 13, 17, 277
What are the prime factors of 40880?
2, 5, 7, 73
What are the prime factors of 2108429?
2108429
What are the prime factors of 146704?
2, 53, 173
List the prime factors of 343395.
3, 5, 13, 587
List the prime factors of 7504235.
5, 1500847
What are the prime factors of 1877796?
2, 3, 17387
List the prime factors of 9609508.
2, 89, 26993
List the prime factors of 11500958.
2, 7, 821497
What are the prime factors of 359664?
2, 3, 59, 127
What are the prime factors of 7516520?
2, 5, 11, 1553
List the prime factors of 88571.
7, 12653
What are the prime factors of 4305967?
4305967
List the prime factors of 1602633.
3, 534211
List the prime factors of 102804.
2, 3, 13, 659
What are the prime factors of 7814505?
3, 5, 520967
List the prime factors of 436708.
2, 43, 2539
List the prime factors of 174878.
2, 11, 7949
List the prime factors of 354202.
2, 177101
List the p